 of 109516 and 620?
4
What is the highest common factor of 291 and 271697?
97
Calculate the greatest common factor of 144125 and 32625.
125
What is the highest common factor of 55459085 and 220?
55
Calculate the greatest common factor of 87 and 163728983.
29
What is the highest common factor of 152569590 and 505?
505
Calculate the highest common divisor of 28853 and 913231.
671
What is the highest common divisor of 2086 and 1611372?
14
Calculate the highest common divisor of 1596873 and 24837.
1461
What is the greatest common divisor of 301957 and 31370884?
8161
Calculate the greatest common divisor of 29727 and 9413253.
81
Calculate the greatest common factor of 73044 and 6714.
18
What is the greatest common divisor of 1569 and 17951975?
523
What is the greatest common divisor of 77 and 9212665?
77
What is the highest common factor of 76 and 148999140?
76
What is the highest common divisor of 460 and 138053015?
115
Calculate the highest common factor of 66439 and 4271439.
841
Calculate the highest common divisor of 818714 and 988.
26
Calculate the greatest common factor of 3634034 and 17616.
734
Calculate the greatest common factor of 160116 and 551100.
132
Calculate the highest common divisor of 21012380 and 10.
10
What is the highest common factor of 20028154 and 232?
58
Calculate the greatest common divisor of 2754381 and 53754.
93
Calculate the highest common factor of 1835926 and 7.
1
What is the greatest common divisor of 97357248 and 16?
16
What is the highest common factor of 215399114 and 4168?
1042
Calculate the highest common divisor of 287 and 1736145.
41
Calculate the highest common factor of 2299 and 10472429.
121
What is the greatest common divisor of 2394171 and 39?
39
Calculate the greatest common divisor of 35880 and 9226542.
1794
Calculate the highest common divisor of 2839639557 and 102.
51
What is the greatest common divisor of 12425 and 45?
5
Calculate the highest common divisor of 3472826 and 1274.
98
What is the greatest common divisor of 56778707 and 19?
19
Calculate the highest common divisor of 512109 and 19552.
13
Calculate the greatest common divisor of 138283245 and 1587.
1587
Calculate the highest common factor of 10530485 and 28595.
1505
Calculate the greatest common divisor of 365814 and 3603.
3
What is the greatest common divisor of 5742 and 1261935?
261
Calculate the highest common divisor of 67338 and 186093.
261
Calculate the highest common factor of 362090 and 890.
10
What is the greatest common factor of 168 and 5829852?
84
What is the highest common divisor of 81485 and 1392067?
379
Calculate the highest common factor of 9393 and 114018.
93
What is the highest common divisor of 43408 and 360?
8
What is the greatest common factor of 476 and 17194786?
238
What is the highest common factor of 19210168 and 20?
4
What is the highest common factor of 500682 and 21189?
21
Calculate the greatest common divisor of 83204253 and 108.
27
Calculate the highest common divisor of 7072668 and 18063.
2007
Calculate the highest common factor of 5909730 and 174.
6
Calculate the greatest common divisor of 8238 and 282288.
6
What is the greatest common divisor of 4408 and 31312?
152
Calculate the greatest common divisor of 25674828 and 2346.
102
What is the highest common divisor of 1825 and 61605?
5
Calculate the greatest common factor of 826 and 351218.
14
What is the highest common factor of 5968290 and 680?
10
Calculate the highest common divisor of 39087824 and 49532.
7076
What is the highest common divisor of 970496 and 31744?
256
What is the greatest common factor of 1 and 5252?
1
Calculate the greatest common factor of 35575 and 50119483.
1423
What is the highest common factor of 66 and 21911538?
66
Calculate the greatest common factor of 44 and 28696415.
11
What is the highest common divisor of 8 and 4502648?
8
Calculate the greatest common factor of 89 and 18465809.
89
What is the greatest common factor of 40 and 141992?
8
What is the highest common divisor of 407 and 130163?
11
What is the greatest common divisor of 4125050 and 299?
23
Calculate the greatest common divisor of 4700323 and 20.
1
What is the highest common divisor of 4398255 and 25800?
645
Calculate the greatest common divisor of 163560 and 15764458.
2726
Calculate the highest common divisor of 73485177 and 1503.
501
What is the greatest common divisor of 5121738 and 342?
18
Calculate the greatest common factor of 12039666 and 6.
6
Calculate the greatest common factor of 485 and 2299044530.
485
Calculate the highest common factor of 263105577 and 1974.
987
Calculate the highest common divisor of 106916282 and 759.
253
Calculate the highest common factor of 159 and 31374.
3
Calculate the greatest common factor of 103160280 and 120.
120
Calculate the greatest common factor of 1189317084 and 24.
12
Calculate the greatest common factor of 4376 and 38329384.
4376
Calculate the greatest common divisor of 633 and 19562232.
633
What is the greatest common factor of 95720 and 3560?
40
What is the highest common divisor of 7777 and 1327249?
77
Calculate the greatest common divisor of 7951026 and 622.
622
Calculate the greatest common divisor of 50618 and 474.
2
What is the highest common factor of 679434714 and 872?
218
Calculate the highest common divisor of 5695595 and 25160.
3145
Calculate the highest common factor of 8290976 and 176144.
1744
What is the highest common divisor of 3 and 1756049?
1
What is the highest common factor of 3663 and 6423237?
333
What is the highest common factor of 690 and 23506380?
30
What is the highest common factor of 320804 and 132?
44
Calculate the greatest common divisor of 910 and 304694.
26
What is the greatest common divisor of 914925856 and 52?
52
Calculate the highest common factor of 2881541 and 13.
13
What is the greatest common divisor of 49117533 and 1572?
393
What is the greatest common divisor of 59221 and 73?
1
What is the greatest common factor of 11991 and 16843929?
1713
Calculate the highest common divisor of 7726008 and 3363.
57
What is the highest common divisor of 201223916 and 40938?
13646
Calculate the greatest common factor of 19524 and 23196.
12
Calculate the highest common factor of 19932 and 5508480.
1812
Calculate the greatest common divisor of 124796 and 1764.
28
Calculate the greatest common divisor of 7142 and 655435624.
7142
Calculate the highest common divisor of 30636047 and 52.
13
Calculate the greatest common divisor of 188466 and 246238.
202
What is the highest common factor of 2400340 and 360?
20
What is the highest common divisor of 2492190 and 120?
30
What is the greatest common factor of 9120 and 5110620?
1140
Calculate the highest common divisor of 2213928 and 525352.
776
What is the highest common divisor of 2745568 and 714?
238
Calculate the highest common factor of 45 and 642354345.
45
What is the highest common divisor of 26082 and 3969938?
322
What is the highest common factor of 2280 and 43202370?
30
Calculate the greatest common factor of 39464952 and 48.
24
Calculate the greatest common factor of 8403508 and 272.
68
What is the greatest common factor of 301965362 and 481?
37
Calculate the greatest common factor of 3520 and 43580.
20
What is the highest common divisor of 35959 and 1386056?
3269
What is the highest common divisor of 8618 and 17639378?
278
Calculate the highest common divisor of 103446 and 427734.
18
What is the highest common factor of 333 and 216487?
37
Calculate the greatest common divisor of 1059 and 82096857.
1059
What is the greatest common factor of 41806 and 4840?
2
Calculate the greatest common factor of 11688 and 5445147.
1461
What is the greatest common divisor of 125836 and 2087488?
772
Calculate the greatest common divisor of 11600 and 3176776.
232
Calculate the greatest common factor of 1183 and 56508075.
13
What is the highest common factor of 585392504 and 276?
92
Calculate the highest common divisor of 232 and 113610748.
116
Calculate the greatest common divisor of 14671 and 18986.
863
Calculate the greatest common factor of 801154 and 360644.
58
Calculate the greatest common factor of 546 and 2219438.
26
What is the greatest common divisor of 18652 and 59084873?
4663
Calculate the greatest common factor of 15325398 and 121176.
3366
What is t